hat are the prime factors of 2924650?
2, 5, 29, 2017
What are the prime factors of 3982294?
2, 1991147
List the prime factors of 843386.
2, 31, 61, 223
List the prime factors of 3379160.
2, 5, 23, 3673
What are the prime factors of 495340?
2, 5, 24767
What are the prime factors of 333644?
2, 239, 349
List the prime factors of 120327.
3, 19, 2111
What are the prime factors of 212152?
2, 23, 1153
List the prime factors of 34010284.
2, 7, 11, 23, 4801
List the prime factors of 402641.
53, 71, 107
List the prime factors of 719942.
2, 83, 4337
List the prime factors of 78351.
3, 7, 13, 41
What are the prime factors of 128848?
2, 8053
List the prime factors of 2686119.
3, 17, 31, 1699
What are the prime factors of 308680?
2, 5, 7717
What are the prime factors of 8230020?
2, 3, 5, 73, 1879
List the prime factors of 17663363.
53, 333271
What are the prime factors of 1375362?
2, 3, 109, 701
List the prime factors of 2513027.
11, 228457
What are the prime factors of 717886?
2, 13, 27611
What are the prime factors of 836875?
5, 13, 103
List the prime factors of 314556.
2, 3, 11, 2383
What are the prime factors of 139048?
2, 7, 13, 191
List the prime factors of 205900.
2, 5, 29, 71
List the prime factors of 29315348.
2, 7328837
List the prime factors of 8739381.
3, 7, 281, 1481
List the prime factors of 26276.
2, 6569
List the prime factors of 671651.
671651
List the prime factors of 1449416.
2, 103, 1759
List the prime factors of 4287805.
5, 173, 4957
What are the prime factors of 1435893?
3, 478631
What are the prime factors of 4478104?
2, 131, 4273
What are the prime factors of 2693195?
5, 53, 10163
List the prime factors of 732002.
2, 366001
List the prime factors of 10844164.
2, 17, 159473
What are the prime factors of 585?
3, 5, 13
What are the prime factors of 307087?
11, 27917
List the prime factors of 1398876.
2, 3, 43, 2711
List the prime factors of 1126103.
11, 23, 4451
List the prime factors of 18119541.
3, 11, 739, 743
What are the prime factors of 2423088?
2, 3, 71, 79
What are the prime factors of 27580400?
2, 5, 19, 191
List the prime factors of 124314.
2, 3, 20719
What are the prime factors of 215947?
23, 41, 229
What are the prime factors of 26183631?
3, 229, 38113
List the prime factors of 2278825.
5, 91153
What are the prime factors of 1301783?
7, 31, 857
What are the prime factors of 1265236?
2, 7, 73, 619
What are the prime factors of 1039649?
13, 79973
What are the prime factors of 49325?
5, 1973
List the prime factors of 35529.
3, 13, 911
What are the prime factors of 542921?
542921
What are the prime factors of 6241763?
11, 23, 24671
What are the prime factors of 3102323?
7, 443189
List the prime factors of 929232.
2, 3, 239
What are the prime factors of 6825404?
2, 739, 2309
What are the prime factors of 102655?
5, 7, 419
List the prime factors of 898.
2, 449
List the prime factors of 4110248.
2, 513781
List the prime factors of 28759966.
2, 14379983
List the prime factors of 991227.
3, 330409
List the prime factors of 117203.
117203
What are the prime factors of 7309195?
5, 149, 9811
What are the prime factors of 272466?
2, 3, 15137
List the prime factors of 1420872.
2, 3, 73, 811
List the prime factors of 2127834.
2, 3, 118213
List the prime factors of 4497367.
7, 17, 5399
List the prime factors of 691966.
2, 11, 71, 443
List the prime factors of 962672.
2, 60167
What are the prime factors of 9252358?
2, 61, 181, 419
What are the prime factors of 281637?
3, 19, 61
What are the prime factors of 1290829?
23, 56123
What are the prime factors of 3732594?
2, 3, 397, 1567
What are the prime factors of 15409125?
3, 5, 13697
What are the prime factors of 370972?
2, 7, 13249
What are the prime factors of 8396?
2, 2099
What are the prime factors of 29760848?
2, 13, 199, 719
List the prime factors of 718056.
2, 3, 9973
List the prime factors of 1332384.
2, 3, 13879
What are the prime factors of 1525275?
3, 5, 6779
List the prime factors of 476577.
3, 19, 929
List the prime factors of 230532.
2, 3, 19211
What are the prime factors of 4520291?
41, 110251
List the prime factors of 192019.
53, 3623
What are the prime factors of 4933712?
2, 7, 29, 31
List the prime factors of 370663.
370663
List the prime factors of 26881467.
3, 8960489
What are the prime factors of 2645459?
83, 31873
List the prime factors of 6289143.
3, 7, 23, 29, 449
What are the prime factors of 20853889?
7, 661, 4507
What are the prime factors of 827783?
11, 75253
What are the prime factors of 316920?
2, 3, 5, 19, 139
What are the prime factors of 4434560?
2, 5, 13, 41
List the prime factors of 15979456.
2, 17, 19, 773
What are the prime factors of 132255?
3, 5, 2939
What are the prime factors of 7913912?
2, 989239
What are the prime factors of 588388?
2, 147097
What are the prime factors of 2244785?
5, 79, 5683
List the prime factors of 11875051.
227, 52313
What are the prime factors of 112359?
3, 13, 43, 67
What are the prime factors of 6344680?
2, 5, 158617
What are the prime factors of 575268?
2, 3, 47939
What are the prime factors of 123879?
3, 7, 17, 347
What are the prime factors of 1355886?
2, 3, 7, 17, 211
What are the prime factors of 251987?
67, 3761
What are the prime factors of 3014032?
2, 7, 17, 1583
List the prime factors of 8699089.
7, 47, 137, 193
List the prime factors of 41694.
2, 3, 6949
What are the prime factors of 179016?
2, 3, 7459
What are the prime factors of 12888204?
2, 3, 7, 71, 2161
What are the prime factors of 24005178?
2, 3, 1333621
List the prime factors of 1119429.
3, 29, 4289
What are the prime factors of 451154?
2, 11, 20507
What are the prime factors of 1627592?
2, 203449
List the prime factors of 827695.
5, 11, 101, 149
What are the prime factors of 32162?
2, 13, 1237
List the prime factors of 5464983.
3, 79, 23059
List the prime factors of 3084571.
7, 440653
List the prime factors of 280449.
3, 13, 17, 47
What are the prime factors of 1150197?
3, 383399
List the prime factors of 432228.
2, 3, 181, 199
List the prime factors of 499253.
499253
What are the prime factors of 1223523?
3, 7, 19421
What are the prime factors of 23219643?
3, 1667, 4643
List the prime factors of 4247627.
347, 12241
List the prime factors of 1706640.
2, 3, 5, 13, 547
What are the prime factors of 96399?
3, 10711
List the prime factors of 146791.
181, 811
List the prime factors of 17235529.
17235529
List the prime factors of 408281.
557, 733
List the prime factors of 3582170.
2, 5, 41, 8737
List the prime factors of 986535.
3, 5, 11, 1993
List the prime factors of 3091601.
149, 20749
What are the prime factors of 1165059?
3, 7, 18493
List the prime factors of 866861.
257, 3373
What are the prime factors of 74994?
2, 3, 29, 431
List the prime factors of 515678.
2, 17, 29, 523
List the prime factors of 92310.
2, 3, 5, 17, 181
List the prime factors of 17299404.
2, 3, 17, 23, 1229
What are the prime factors of 277576?
2, 13, 17, 157
List the prime factors of 5582624.
2, 174457
List the prime factors of 647603.
11, 113, 521
What are the prime factors of 2745905?
5, 233, 2357
What are the prime factors of 112259?
7, 29, 79
What are the prime factors of 7778128?
2, 486133
What are the prime factors of 114850?
2, 5, 2297
What are the prime factors of 1604938?
2, 277, 2897
List the prime factors of 9452046.
2, 3, 1575341
What are the prime factors of 408975?
3, 5, 7, 19, 41
List the prime factors of 680907.
3, 263, 863
What are the prime factors of 212971?
11, 19, 1019
List the prime factors of 589954.
2, 97, 3041
List the prime factors of 151819.
157, 967
List the prime factors of 6530801.
31, 210671
List the prime factors of 692769.
3, 7, 11, 2999
What are the prime factors of 259121?
259121
List the prime factors of 10952522.
2, 7, 17, 2707
List the prime factors of 1063507.
563, 1889
What are the prime factors of 11842673?
43, 193, 1427
List the prime factors of 10411440.
2, 3, 5, 13, 47, 71
List the prime factors of 11036116.
2, 7, 13, 30319
List the prime factors of 1183988.
2, 13, 22769
List the prime factors of 1258505.
5, 251701
What are the prime factors of 1840443?
3, 11, 43, 1297
What are the prime factors of 178596?
2, 3, 11, 41
List the prime factors of 10666434.
2, 3, 23, 37, 2089
List the prime factors of 26671635.
3, 5, 37, 83, 193
What are the p